f = 286. Let l be g + 8 + -4 + -6. What is the greatest common factor of 28 and l?
14
Suppose -1476 = -66*i + 423 + 477. Let x be -2*(-12)/8 + 5. What is the highest common factor of i and x?
4
Let n = -51040 + 51079. Let j be (-92)/1*(-4)/8. Let d = j + -33. What is the highest common divisor of d and n?
13
Let l be 2 + -1 - (-9)/(-6)*3064/(-12). Calculate the highest common divisor of 9 and l.
3
Suppose -6*s + 5*s = 3*x - 16, 0 = -4*s - 5*x + 50. Let v(w) = -13*w + 283. Let u be v(s). What is the highest common divisor of 68 and u?
17
Suppose 3*g = -5*g + 40. Suppose -g*i + 152 = -128. Let o = -43 + i. Calculate the greatest common divisor of 26 and o.
13
Let f be (-2920)/1022*(-462)/4. Calculate the greatest common factor of f and 2244.
66
Let b(n) = 3*n**2 - n - 3. Let d be b(-3). Suppose -6*f - 1543 = -1867. Calculate the highest common divisor of f and d.
27
Suppose -5*x - 5*h = 20, -5*x = -6*h + 7*h + 28. Let m be 12/(2 + x - -5). Calculate the greatest common factor of m and 444.
12
Suppose -1 = -7*m + 48. Suppose 0 = -m*x - 11 + 39. Suppose k - 125 = -d - 4*d, x*k - 68 = -2*d. What is the highest common factor of d and 6?
6
Suppose 23*t = -1876 + 100546. What is the greatest common factor of t and 20?
10
Let a be (4004/(-132))/((-8)/72). What is the highest common factor of a and 21?
21
Let d(w) = 66*w - 3. Let u be d(3). Let h(j) = j**3 - 7*j**2 + 24*j - 63. Let x be h(6). Calculate the greatest common divisor of u and x.
15
Let p(f) = -f**2 - 2*f. Let t(d) = 7*d**2 - 12*d + 54. Let u(o) = -5*p(o) - t(o). Let j be u(6). Calculate the greatest common factor of 78 and j.
6
Let y(t) be the third derivative of -t**5/60 - 7*t**4/24 + 4*t**3 - 96*t**2. Let p be y(0). What is the greatest common factor of 8 and p?
8
Let i = 198 + -204. Let k be (-280)/i*75/10. What is the highest common divisor of k and 25?
25
Let b = 73244 + -73230. Let r be 2574/8 - (-1)/4. What is the highest common divisor of r and b?
14
Let a = 1976 - 1611. Let z = -104 - -109. Calculate the greatest common divisor of z and a.
5
Let i be 2/(-3) + (-742)/(-42) + 3. Calculate the highest common divisor of 2050 and i.
10
Let u(r) = r**3 - 3*r**2 - r. Let n be u(0). Suppose n = 12*t - 522 - 330. Calculate the highest common factor of 639 and t.
71
Let x = 2235 + -4295. Let p = x + 2884. Calculate the greatest common divisor of 8 and p.
8
Let f = 82 + -35. Suppose -7*n = 19 - f. Suppose -n = -3*w + 5, -p + 61 = -3*w. What is the highest common factor of p and 105?
35
Let a = -65 + 33. Let t be (2 + (-87)/12)/(6/a). Calculate the highest common divisor of 35 and t.
7
Let u(a) = 9*a - 3. Let b be u(8). Let h be (-13)/((-39)/18) + 1 + (-186)/(-3). What is the greatest common divisor of h and b?
69
Suppose -4*s - 2*f = 2*f - 32, -3*s = -5*f - 8. Let p(l) = 256*l**2 - 3573*l - 16. Let w be p(14). What is the greatest common factor of w and s?
6
Let y = -3120 - -3408. Calculate the greatest common factor of 992 and y.
32
Suppose -z - 136 = -n - 24, -2*n + 228 = -3*z. Suppose 36 + n = 3*h. Calculate the highest common factor of 80 and h.
16
Let m(t) = -t**2 - 33*t + 16. Let s be m(-13). What is the greatest common factor of s and 192?
12
Suppose 0 = -2*x - 5*k - 45 - 3, 3*k = 4*x + 44. Let d = -7 - x. Let b be (-6)/21 + 114/d. Calculate the highest common factor of b and 48.
16
Let f = 812 - 442. Let h = 384 - f. Calculate the highest common divisor of h and 119.
7
Let p(i) = -566*i**3 - 24*i**2 + 24*i. Let y be p(-3). Calculate the greatest common divisor of 36 and y.
18
Let d = -12 + 46. Suppose 7*t + 66 = 3*t + 3*g, 2*g - d = 2*t. Let a be 2*10*(54/t - -4). Calculate the highest common factor of 72 and a.
8
Let a(k) = -k**2 - 106*k - 2333. Let s be a(-67). Calculate the highest common factor of 490 and s.
70
Let l = -18546 - -20840. Calculate the greatest common factor of 185 and l.
37
Let a = 392 + -400. Let l(g) = g**2 + 9*g + 41. Let x be l(a). What is the greatest common factor of 132 and x?
33
Suppose 8355 + 1089 = 165*c - 3756. Suppose 0 = -4*u - 2*f + 56, 4*u - 4*f = 5 + 75. Calculate the greatest common divisor of c and u.
16
Suppose 5*a + y = 83, a + 0*y - 21 = 2*y. Suppose v = -v + 3*d + 41, v = -2*d + a. Let p be (608/(-48))/((-2)/3). What is the greatest common factor of p and v?
19
Suppose 781 = -3*z - q - 775, 1576 = -3*z - 5*q. Let l = -502 - z. What is the greatest common divisor of l and 4?
1
Let a(l) = -284*l - 598. Let i be a(-8). Calculate the highest common divisor of i and 310.
62
Let r be 2/(-6)*-10*324/60. Let c(q) = -q**3 + 16*q**2 + 39*q - 25. Let d be c(r). Calculate the greatest common factor of 87 and d.
29
Let i = 454 - 179. Let k = i + -271. What is the highest common factor of k and 16?
4
Let d(v) = -996*v**3 - 20*v - 21. Let m be d(-1). Suppose -8*b + m - 75 = 0. Calculate the highest common factor of b and 23.
23
Suppose 3 = -3*u - 129. Let k = 49 + u. Suppose -5*o - 25 = -4*q, 1 - 16 = -k*o. Calculate the highest common factor of q and 110.
10
Suppose -2*o - 7 = -31. Suppose -w + 82 = 2*i - 52, -2*i + w = -130. Let d be (i/(-4))/(12/(-96)). Calculate the greatest common divisor of o and d.
12
Suppose -4*d - 793 = -5*l, 3*d + 571 = -0*d - l. Let a = d + 216. Calculate the highest common divisor of a and 336.
24
Suppose -13*y + 11*y - 1114 = 3*v, -y = -5*v - 1848. Let s = -354 - v. What is the highest common factor of s and 384?
16
Let f = -1368 - -1641. Suppose 0 = -3*r, -5*l - 5*r = 25 - 550. Calculate the greatest common factor of l and f.
21
Let x(f) be the second derivative of f**3/2 + 8*f**2 - 193*f. Let o be x(12). What is the greatest common factor of 4 and o?
4
Let f = -11 + -5. Let q = 34 + f. Suppose 5*t - 2268 = -31*t. Calculate the greatest common divisor of q and t.
9
Suppose 0*v = -4*h + 2*v + 288, 0 = 2*v. Let w = h + -69. Let a(j) = 4*j**2 - 8*j + 1. Let m be a(4). What is the greatest common divisor of m and w?
3
Let q(p) = -88*p + 622. Let z be q(7). What is the greatest common factor of z and 7746?
6
Let o = 18 - 11. Let z be 6/1 + o + -9. Suppose 40 = -j + 3*j + z*c, 3*c + 165 = 5*j. What is the greatest common factor of j and 60?
30
Let o = 2073 + -726. Suppose -48*w = o - 6147. What is the greatest common factor of w and 20?
20
Suppose -3*q - 4*v + 3*v = -165, 0 = q + 5*v - 55. Let u = -126 + 170. Let l = 49 - u. What is the highest common divisor of l and q?
5
Suppose 5*s - 4*g - 14 = 0, -4*g - 5 = g. Let o be 3288/42 - s/7. What is the highest common factor of o and 13?
13
Let q(p) = 11*p + 116. Let y(z) = -6*z - 59. Let s(t) = 4*q(t) + 7*y(t). Let u be s(-2). Calculate the highest common factor of 752 and u.
47
Suppose 0 = -5*l, 2558 = -3*i + 2*l + 848. Let o = i + 594. Calculate the greatest common factor of o and 104.
8
Suppose 0 = 2*i - 10 - 8. Let h = -416 - -542. Suppose 10*g = -11*g + h. Calculate the highest common factor of g and i.
3
Suppose -c - c = 2. Suppose 25 = 17*u - 9. Let l be (c/u)/((-5)/1210). Calculate the highest common factor of l and 11.
11
Let c = 204 + -343. Let i = c - -205. What is the highest common divisor of i and 6?
6
Let y be (-1)/2 - (1 - 5412/8). Suppose -555 = 8*p - y. What is the highest common factor of 75 and p?
15
Let j be (-17)/(3/(-66) - (-90)/165). Suppose 0 = -5*b + 95 + 225. Let n = b + j. What is the greatest common divisor of 5 and n?
5
Suppose -2*z + 2*a = -a - 1, -5*z = -a + 4. Let n be (z + 7)*(-9)/18. Let q be (n/12 - 1)/((-3)/60). What is the greatest common factor of q and 50?
25
Let q be (-11236)/(-12) - (5/(-3) - -2). Suppose 36*b - 40*b = -q. What is the highest common factor of 26 and b?
26
Let p = -5 - -8. Suppose 4*n + 7 + 5 = 0, -p*v = -4*n - 30. Calculate the greatest common factor of 30 and v.
6
Let v = 2051 + -142. What is the greatest common factor of 23 and v?
23
Let s = -492 + 471. Let h be 605/77 - 3/s. Calculate the highest common factor of h and 200.
8
Let f(n) = 1 + 0 + 6*n - n**2 + 3. Let h(p) = -p. Let y(g) = -f(g) - 2*h(g). Let x be y(-4). Calculate the greatest common divisor of x and 4.
4
Let a = 1828 + -1524. Suppose -2*s + 12 = -52. Calculate the highest common divisor of s and a.
16
Suppose 0 = -4*i + 5*z + 126, -z + 16 + 107 = 3*i. Suppose 22 - 7 = 3*n. Suppose 189 - 59 = n*o. What is the greatest common factor of i and o?
13
Let k be -96